2 - 3*c - 2. Let h(z) be the first derivative of q(z). Suppose a - 9 = -11. What is h(a)?
0
Let w(a) = a**3 + 3*a**2 + 3*a + 5. Let f be (-9)/(-6)*(-4)/2. Let d be w(f). Let m(o) = o**2 + 4*o - 5. Give m(d).
-5
Let t(f) = 6*f - 15. Let c be t(3). Suppose c*j = -4*z - 22, -2*z = -5*z - 2*j - 16. Let v(w) = w - 1. Let h(g) = 9. Let k(a) = h(a) + 3*v(a). Give k(z).
-6
Let f(c) = -54432 - c**2 - 2*c**2 + c**2 + 54442 - 12*c. Give f(-7).
-4
Let y(m) = 11 - 11 + 11*m - 12*m - m**2. Give y(3).
-12
Let n be (18/(-12))/((-5)/(-4) + -2). Let l(k) be the second derivative of 0 - 1/3*k**3 + 6*k + k**n - 1/3*k**4. What is l(-2)?
-10
Suppose -17 + 1 = -2*w. Let d be (-1 + -3)/(w/(-48)). Suppose 0*q = -4*q - d. Let k(p) = -p + 3. Give k(q).
9
Let h(m) = m + 14. Let p = -4 + 12. Suppose -p*a + 4*a = 32. Let c be a*9/24*2. Determine h(c).
8
Let y = -1250 + 1250. Let s(h) = -3*h**2 - 10*h - 23. Let a(w) = 2*w**2 + 7*w + 15. Let z(g) = 7*a(g) + 5*s(g). Calculate z(y).
-10
Suppose 2*v - 5*v = 0. Suppose -f + 4*n - 10 + 28 = v, -4*f + 2*n = -16. Let w(x) = 0*x + 2*x - f - x. Calculate w(3).
1
Let d(t) be the third derivative of 1/3*t**3 + 1/12*t**5 + 0 - 1/120*t**6 + 0*t - 16*t**2 + 1/12*t**4. Let r be 2/(-4)*(-10 + 0). Calculate d(r).
12
Suppose -o = b - 5, -2*b = 3*b - 3*o - 9. Suppose -b*w - h - 4*h + 18 = 0, w + 3*h = 6. Let a(c) be the first derivative of -c**2/2 + 9*c - 1. Calculate a(w).
3
Let d = 454 - 449. Let z = 9 - 6. Let j(q) = -z - 1 + 0 - q**2 - 2 + 6*q. What is j(d)?
-1
Let i(f) be the third derivative of -5*f**4/24 - 3*f**3/2 + 270*f**2. What is i(-4)?
11
Let f(d) = 17*d - 6. Let g(q) be the first derivative of q + 2. Let o(a) = 6*a. Let z(k) = -2*g(k) + o(k). Let i(m) = -3*f(m) + 8*z(m). Give i(3).
-7
Suppose -5*k + 4*z + 71 = 0, -2*k - 7*z + 5*z + 32 = 0. Let l(n) = -n + 21. Calculate l(k).
6
Let z(x) = x**3 - 11*x**2 + 25*x - 5. Suppose -2*s = -4, 5*l = -7*s + 3*s + 48. Calculate z(l).
3
Suppose -3*h = 2*k, 0*k + 2*k = -6. Let p(y) = -y**3 + 0*y**2 - 27*y + 32*y + 2*y**h - 3. Give p(3).
3
Let k(d) = -d**3 - 7*d**2 + d + 5. Suppose -100 - 5 = -5*l. Suppose 0 = -2*u + 5*u + l. Give k(u).
-2
Let y = -12 + 19. Let n(x) = -x**2 + y + 3*x + x**3 - 3*x**2 - 4. Let v be 4 - 1 - 0*4/(-16). Give n(v).
3
Let m(p) = 8*p - 36. Let d = 38 - 33. Let f be m(d). Let i(c) = c - 5. Give i(f).
-1
Suppose 0*h = -14*h + 28. Let l(u) = 6 - u**3 + 6*u - 5*u**h - 1 + 0. Suppose -2*g - w - 7 = 0, -5*g - 5*w - 4 = 1. What is l(g)?
5
Let c(w) = -w**2 + 5*w - 1. Let o be (2/9)/(15/135). Let h(f) = 3*f**2 - 4*f + 2. Let r be h(2). Let d = r - o. Calculate c(d).
3
Suppose -44 = -931*r + 927*r. Let f(k) = k**2 - 11*k - 15. Determine f(r).
-15
Let k be ((-2 + 2)*(-7)/(-14))/(-2). Let x(y) = k*y - y**2 + 2*y**2 - 5*y - 19 + 25. What is x(6)?
12
Let m(i) = i**3 + 5 - 2*i - 3*i**2 - 33 + 25. Suppose -13 = -2*t + 3*r, -t = -0*t + r + 1. Suppose -t*c = -3*a - 6*c + 16, c = 1. Calculate m(a).
5
Let p be 4 + (-2)/(-12)*6. Let c(j) = -j**3 + 6*j**2 - 2*j - 7. Give c(p).
8
Let z be 6*(320/(-24))/10. Let x(r) = 2*r + 3 - 1 + 0*r. What is x(z)?
-14
Let n = 3 - 16. Let z = n + 8. Let f(a) = 27*a + 50. Let x(t) = -37*t - 68. Let q(h) = 11*f(h) + 8*x(h). Give q(z).
1
Let a(f) = 4*f**2 - 7*f - 5. Let i(h) = -h**2 + h + 1. Let v(r) = -a(r) - 6*i(r). What is v(1)?
2
Let o(q) = 6*q**2 - q**3 - 6 + 2 - 8*q + 7. Let j(w) = -2*w + 27. Let a be j(11). What is o(a)?
-12
Suppose 5*j + 15 = 0, -3*c - 4*j = c - 24. Let d(l) = -c*l + 4 - 4 + 4*l. Let a be (-3)/2*(-4)/(-6). What is d(a)?
5
Let c(g) = 3*g + 32. Suppose 16*i + 153 = -i. Calculate c(i).
5
Let p be (-3 + 72/20)/((-9)/45). Let g(m) be the first derivative of -m**4/4 - 2*m**3/3 + m**2/2 - 3. What is g(p)?
6
Let f(i) = -i + 5. Let h(n) = -3*n**2 + 4*n**2 - 1489*n + 0*n**2 + 1488*n + 2. Let w(j) = -j**2 + 4*j - 2. Let d be w(2). Let g be h(d). Give f(g).
1
Let r = -2 - -3. Let w(q) = 23*q**2 - 10*q + 23. Let o(v) = 22*v**2 - 8*v + 19. Let g(c) = -6*o(c) + 5*w(c). Determine g(r).
-18
Let q(w) = -w**3 + 4*w**2 - 3*w - 3. Let n be q(3). Let j = n - -5. Let k(b) = 3*b - 1 - 2 + b**3 - 4*b**2 - b + 2*b**2. What is k(j)?
1
Let b(m) = -51*m**2 + 4 + 49*m**2 - m - m + 5*m. Determine b(3).
-5
Let s(a) = -2*a - 22. Let h = -1437 + 1431. What is s(h)?
-10
Suppose 0*c = c - 6. Let w(t) = 72*t**3 + 0*t**2 + 5 + 2 - 71*t**3 - t - 6*t**2. Determine w(c).
1
Let c be (-8)/16 - 38/(-4). Let f(a) = -4*a**2 - 3 - 2*a - 2*a**2 + 5*a**2 + c. Let j = 12 + -17. Determine f(j).
-9
Let x(w) be the first derivative of 1/3*w**3 - 19 + 3/2*w**2 - 9*w. What is x(-7)?
19
Let t(c) = 5*c**2 + 3*c - 2. Let p be ((-32)/(-48))/(4/6). Calculate t(p).
6
Let b(m) = m**2 - 13*m + 5. Let d(t) = 2*t**2 - 27*t + 11. Let o(p) = 9*b(p) - 4*d(p). Give o(7).
-13
Let p = 341 - 341. Let a(v) be the third derivative of v**6/720 + v**5/24 + v**4/24 + 2*v**2. Let l(k) be the second derivative of a(k). What is l(p)?
5
Let q(a) be the first derivative of 19*a**3/3 - a**2/2 - 58. Calculate q(1).
18
Let n(h) = 2*h**2 + 10*h + 4. Let s(y) = -10*y**2 - 44*y - 15. Let t(i) = -13*n(i) - 3*s(i). Give t(-5).
83
Suppose 0 = 4*f - 12, f = -5*p + 5*f - 42. Suppose -3*g = -5*k - 8*g, 5*k = 2*g + 14. Let m(b) = -4 - b**k + 7*b**2 + 0*b**3 + 2*b**3 - b**3. Determine m(p).
-4
Let j = -12 - -10. Let g be j/(0 - (-4)/(-6)). Let t(f) = -7*f**2 + 8*f**2 + 2*f - f - 4 + f**g. What is t(0)?
-4
Let p(c) = -c**2 + 8*c + 9. Let i(j) = -j**2. Let k = -52 - -54. Let h(q) = k*i(q) - p(q). Determine h(-7).
-2
Let k(z) = -3*z + 3. Suppose -n + 3*n = -s - 6, -5*s - 2*n = -2. Suppose 9 = 3*t + s*q, -2*t = t - 4*q - 27. What is k(t)?
-12
Let b(v) = 10*v + 1. Let s be 3 - 0/(18/3). Calculate b(s).
31
Let q be 33/12 + (-1)/(-4). Let d(j) = -6*j**2 + 9*j - 3. Let y(n) = 3*n**2 - 5*n + 2. Let a(w) = q*d(w) + 5*y(w). What is a(2)?
-7
Let h(v) = 0 - 3 + 323*v - 317*v. Let w(t) = 7*t - 4. Let r(m) = 5*h(m) - 4*w(m). Give r(2).
5
Let j(i) be the first derivative of 2*i**3/3 + 23*i**2 + 10*i - 35. Let s be j(-23). Let t(p) = -p + 4. Determine t(s).
-6
Let k(g) = 27*g + 1. Suppose -22 = 11*n - 11. Calculate k(n).
-26
Let t(p) = -p**3 + 2*p + 1. Let x(j) = 7*j + 4. Let h be x(-3). Let v = 21 + h. Suppose -v*q - 12 = -2*g, -2*g - 22 = 3*q - 6. Determine t(g).
5
Let o(z) = -1 + 2*z - 3*z - z + z. Suppose -11*j + 12 = -8*j. What is o(j)?
-5
Let h(o) = -7 + 2 + 21 + 0*o - o + 8. Calculate h(20).
4
Let r(b) = b + 9. Let q be r(-9). Let p(j) = 2*j**3 - 4*j**2 + 4*j + 1. Let t(s) = s**3 - 3*s**2 + 3*s + 2. Let k(v) = -2*p(v) + 3*t(v). What is k(q)?
4
Suppose -4*g + 10*g - 12 = 0. Let f(i) = -i + 4. Give f(g).
2
Let q(t) = t + 3*t - 5*t + 5. Let m(x) = -x**3 - 6*x**2 + 2*x - 28. Let z be m(-7). Let a be q(z). Let j(c) = c**2 + c - 2. Give j(a).
0
Suppose c - 2 = 0, 4*g - 10 = -0*g - 5*c. Let n(i) = 5*i + g - 9 - 3*i - 3*i. Determine n(-7).
-2
Let c(b) be the second derivative of -7*b + 0 - 1/6*b**3 - 3/2*b**2. What is c(-4)?
1
Suppose 5*l - 4*l - 17 = 0. Suppose 3*n = -0*y + 5*y - 27, y = -5*n - l. Let i(d) = d**2 - y*d + 0*d - 3*d. Calculate i(6).
0
Suppose 0 = -3*t - 18 - 3. Let g be 16/7 + 2/t. Let r(b) = -15*b**2 + 16*b**g - 4 + 0 - 4*b. Determine r(6).
8
Suppose -16 - 5 = 3*l + i, -15 = l + 3*i. Let g(n) = 11*n**2 + 6 + 13*n**2 + 6*n - 23*n**2. Give g(l).
6
Suppose -4*o + 8 = -2*y, 3*y = -4*o + y + 24. Suppose o*u - u = 6. Let w(z) = -3*z. Determine w(u).
-6
Let l(d) = 10*d + 5. Let p(z) be the second derivative of 6*z - 1/2*z**2 + 0 - 1/6*z**3. Let c(o) = l(o) + 4*p(o). Give c(1).
7
Let v(f) be the second derivative of -23*f + 0 + 4*f**2 + f**3 - 5/12*f**4 - 1/20*f**5. Calculate v(-6).
8
Let j(f) be the second derivative of -f**6/360 + f**5/40 + 7*f**4/4 + 6*f. Let m(l) be the third derivative of j(l). Calculate m(5).
-7
Let d be (27/(-18))/((-1)/2). Suppose q - 2 = 0, 4*f - d*q = 4 - 2. Let c(m) = -m**3 + m**2 + m - 1. Calculate c(f).
-3
Let k(i) be the first derivative of 15*i**2/2 - 4*i + 41. Determine k(3).
41
Let b = -9 + 4. Let o(r) = 8*r - 6. Let t(k) = 7*k - 5. Let p(j) = b*t(j) + 4*o(j). Suppose -26*l + 28*l = -10. Determine p(l).
16
Suppose -4*g = -5*d - 32, -2 = -5*d - 5*g - 7. Let q(t) = 2*t + 4. Let w(b) = -b - 3. Let p(s) = -2*q(s) - 5*w(s). Give p(d).
3
Let b(f) = 0 - f**2 - 67*f + 64*f + 18 + 8*f. Give b(5).
18
Let a(t) =